tens digit of 293721531?
3
What is the ten thousands digit of 294942211?
4
What is the tens digit of 70037107?
0
What is the hundreds digit of 887981693?
6
What is the thousands digit of 3530470932?
0
What is the hundreds digit of 235688047?
0
What is the ten thousands digit of 180013374?
1
What is the ten millions digit of 1451936862?
5
What is the thousands digit of 863185851?
5
What is the ten thousands digit of 63567695?
6
What is the hundreds digit of 66574829?
8
What is the hundred millions digit of 286134658?
2
What is the ten thousands digit of 16886222?
8
What is the hundred millions digit of 2477583832?
4
What is the units digit of 351090206?
6
What is the hundreds digit of 334849098?
0
What is the ten millions digit of 28619556?
2
What is the millions digit of 90089754?
0
What is the ten thousands digit of 43616738?
1
What is the hundreds digit of 412412186?
1
What is the tens digit of 16697861?
6
What is the billions digit of 1301823004?
1
What is the ten millions digit of 799136344?
9
What is the hundreds digit of 45928286?
2
What is the tens digit of 4995221455?
5
What is the thousands digit of 269510779?
0
What is the tens digit of 263524929?
2
What is the thousands digit of 9368816?
8
What is the ten millions digit of 572557777?
7
What is the hundred thousands digit of 42497582?
4
What is the hundreds digit of 4579083?
0
What is the ten millions digit of 126107847?
2
What is the ten thousands digit of 841832339?
3
What is the tens digit of 1456249041?
4
What is the thousands digit of 131687270?
7
What is the ten thousands digit of 56043654?
4
What is the millions digit of 94337964?
4
What is the hundred thousands digit of 11256708?
2
What is the hundreds digit of 212307746?
7
What is the tens digit of 172146806?
0
What is the ten millions digit of 1657469538?
5
What is the thousands digit of 87089539?
9
What is the millions digit of 6801994645?
1
What is the hundred thousands digit of 647951643?
9
What is the ten thousands digit of 236365602?
6
What is the thousands digit of 1277146623?
6
What is the tens digit of 12923675?
7
What is the ten thousands digit of 33185796?
8
What is the millions digit of 116709295?
6
What is the ten millions digit of 191635252?
9
What is the hundreds digit of 1418509603?
6
What is the millions digit of 553458978?
3
What is the tens digit of 22405494?
9
What is the hundred millions digit of 294922380?
2
What is the millions digit of 254455383?
4
What is the units digit of 699250870?
0
What is the thousands digit of 3063521?
3
What is the hundred thousands digit of 667006138?
0
What is the millions digit of 59856338?
9
What is the tens digit of 2621309548?
4
What is the hundred millions digit of 144708319?
1
What is the hundred millions digit of 2916782266?
9
What is the ten thousands digit of 6912950952?
5
What is the units digit of 239127794?
4
What is the hundred millions digit of 265585771?
2
What is the millions digit of 118964571?
8
What is the millions digit of 1507672248?
7
What is the millions digit of 106245424?
6
What is the thousands digit of 1313567934?
7
What is the hundred millions digit of 205813675?
2
What is the thousands digit of 206065540?
5
What is the thousands digit of 325458132?
8
What is the units digit of 54161465?
5
What is the hundreds digit of 244142552?
5
What is the billions digit of 1567218769?
1
What is the ten millions digit of 58718508?
5
What is the ten thousands digit of 6419951421?
5
What is the ten thousands digit of 5247286396?
8
What is the hundred thousands digit of 265041655?
0
What is the hundred millions digit of 1249210382?
2
What is the hundreds digit of 3616232146?
1
What is the units digit of 3107993490?
0
What is the hundreds digit of 3529485106?
1
What is the tens digit of 2046867828?
2
What is the hundreds digit of 455061039?
0
What is the units digit of 13986253?
3
What is the units digit of 95542218?
8
What is the millions digit of 810850184?
0
What is the ten thousands digit of 1175947382?
4
What is the millions digit of 30769673?
0
What is the tens digit of 4376684420?
2
What is the hundred thousands digit of 160936670?
9
What is the hundred millions digit of 726875111?
7
What is the hundred thousands digit of 879443866?
4
What is the thousands digit of 91399470?
9
What is the hundred millions digit of 104025854?
1
What is the ten millions digit of 307620299?
0
What is the units digit of 2299544797?
7
What is the units digit of 97722670?
0
What is the hundreds digit of 122091160?
1
What is the ten millions digit of 241373983?
4
What is the ten thousands digit of 438839055?
3
What is the ten thousands digit of 67915468?
1
What is the hundred thousands digit of 26483614?
4
What is the units digit of 144078572?
2
What is the ten millions digit of 318198103?
1
What is the units digit of 17890179?
9
What is the hundred thousands digit of 26749898?
7
What is the tens digit of 785496214?
1
What is the thousands digit of 7924030227?
0
What is the ten millions digit of 11660143?
1
What is the tens digit of 426843341?
4
What is the ten thousands digit of 90785736?
8
What is the millions digit of 8780393794?
0
What is the ten millions digit of 43383798?
4
What is the hundreds digit of 1409113121?
1
What is the units digit of 39817400?
0
What is the ten millions digit of 206408051?
0
What is the millions digit of 5343914878?
3
What is the hundred thousands digit of 1139796064?
7
What is the ten millions digit of 17792946?
1
What is the units digit of 5579035?
5
What is the hundred thousands digit of 62235251?
2
What is the hundreds digit of 41497120?
1
What is the hundred millions digit of 182785609?
1
What is the billions digit of 1217483206?
1
What is the ten millions digit of 3335328122?
3
What is the thousands digit of 12954523?
4
What is the hundreds digit of 4616463320?
3
What is the millions digit of 167509151?
7
What is the ten millions digit of 23835244?
2
What is the ten millions digit of 41704009?
4
What is the units digit of 44672884?
4
What is the tens digit of 8393997998?
9
What is the hundreds digit of 97525287?
2
What is the thousands digit of 4084699?
4
What is the tens digit of 296869403?
0
What is the hundred thousands digit of 47562532?
5
What is the hundred thousands digit of 6507206357?
2
What is the ten thousands digit of 17954048?
5
What is the tens digit of 1069386851?
5
What is the tens digit of 35967815?
1
What is the tens digit of 7548126?
2
What is the tens digit of 569340200?
0
What is the ten thousands digit of 33511585?
1
What is the hundreds digit of 37671135?
1
What is the hundred millions digit of 565386800?
5
What is the units digit of 2736818833?
3
What is the millions digit of 46328223?
6
What is the ten millions digit of 5459445908?
5
What is the hundreds digit of 117539653?
6
What is the hundred thousands digit of 442214035?
2
What is the hundred thousands digit of 130719967?
7
What is the hundred thousands digit of 504775097?
7
What is the hundred millions digit of 138647975?
1
What is the hundred millions digit of 6184257003?
1
What is the ten millions digit of 156427146?
5
What is the ten millions digit of 511539561?
1
What is the ten millions digit of 2526229241?
2
What is the thousands digit of 919018168?
8
What is the hundreds digit of 759278836?
8
What is the ten millions digit of 86402358?
8
What is the thousands digit of 45402576?
2
What is the tens digit of 1253374502?
0
What is the hundred thousands digit of 128581908?
5
What is the tens digit of 955812530?
3
What is the hundreds digit of 977337111?
1
What is the hundred thousands digit of 58704361?
7
What is the hundred thousands digit of 3951778616?
7
What is the hundred millions digit of 198512283?
1
What is the hundred thousands digit of 33432545?
4
What is the millions digit of 51918114?
1
What is the millions digit of 820121394?
0
What is the thousands digit of 291285598?
5
What is the millions digit of 2777453394?
7
What is the units digit of 176214775?
5
What is the ten millions digit of 233738452?
3
What is the ten millions digit of 44649411?
4
What is the tens digit of 40726868?
6
What is the units digit of 476377690?
0
What is the hundred millions digit of 838417469?
8
What is the tens digit of 9942531?
3
What is the hundred millions digit 